n k is divided by j(11).
11
Suppose c - 31 + 7 = 0. Suppose -7*u + 10 + 18 = 0. Suppose -3*o + t + 129 = u*t, 3*o - 132 = -2*t. What is the remainder when o is divided by c?
22
Let f(h) = -h**3 + h**2 - h - 1. Let z be f(-1). Let t(u) = 11*u**3 - 702*u**2 - 126*u - 79. What is the remainder when t(64) is divided by (11 - -1) + z/(-1)?
9
Suppose 0 = -5*y, 3*o - 44*y + 40*y + 2124 = 0. Let m = 711 + o. Suppose -3*v = 3*j - 4*j, -3*v = -3*j + 6. What is the remainder when m is divided by v?
0
Suppose 24*n = 33524 - 1556. What is the remainder when n is divided by 46?
44
Let w = 4162 + -3985. Calculate the remainder when w is divided by 12.
9
Let l(h) = h**3 + 8*h**2 + 8*h + 42. Let j be l(-7). Suppose -j*o + 28*o + 245 = 0. What is the remainder when 100 is divided by o?
30
Let g = 21871 - 40274. Calculate the remainder when 1/((-12)/(-9)) + g/(-44) is divided by 15.
14
Suppose 81*u = 37*u + 16544. Calculate the remainder when u is divided by 95.
91
Let s(d) = -29*d - 73. Let n be s(-11). Suppose -4*y + n = -y. Calculate the remainder when y is divided by 12.
10
Let i be ((7 + 0)*4)/2. Suppose 91 = 5*s - 2*x + 6*x, 0 = -2*s + 4*x + i. What is the remainder when 29 is divided by s?
14
Let u be -2 + (156/16 - 1/(-4)). Calculate the remainder when 229 is divided by u*253/22*(-2)/(-4).
45
Calculate the remainder when (-78)/(-91)*784/3 is divided by 92.
40
Suppose 6*d = 11*d - 25, -3*x - 5*d = -10. Suppose 16 = w + w. What is the remainder when x/((-10)/84)*(-14)/(-28) is divided by w?
5
Suppose 2*j - v = -2*v + 50, -2*j + 50 = 2*v. Suppose 4*x = -3*f + 65, -2*x = -4*f + 3*x + 35. Calculate the remainder when j is divided by f.
10
What is the remainder when 780 is divided by ((-276)/18 - -16)*(12 - 0)?
4
Suppose -s = -k + 25, 21*s + 105 = 3*k + 23*s. What is the remainder when 826 is divided by k?
20
Let h(r) = 5*r + 13. Let z be h(-5). Let i be z/27*3*-15. Suppose -c + 3*n + i = 0, -c = c - 5*n - 40. Calculate the remainder when 79 is divided by c.
19
Let u be -10 + 7 + 27 - 5. Suppose -18*k + u*k - 55 = -5*a, 0 = -3*a + 4*k + 56. What is the remainder when 92 is divided by a?
8
Let o = 19024 + -18991. What is the remainder when 1345 is divided by o?
25
Let k(y) = 4*y**2 + 29*y + 7. Let l be k(-7). Suppose -5*z + 57 + 438 = l. What is the remainder when z is divided by 22?
11
Suppose -57*k + 48934 = -7382. What is the remainder when k is divided by 110?
108
Let b(r) be the third derivative of 3*r**5/4 - r**4/3 + 7*r**3/3 + 14*r**2. Suppose -3*a + 72 = -a. Calculate the remainder when b(2) is divided by a.
34
What is the remainder when (16/56)/(7 + 7629*(-295)/321510) is divided by 52?
40
Let w = -99 - -93. Let x = w - -97. Calculate the remainder when x is divided by 19.
15
Let z(b) be the third derivative of -3*b**6/8 - b**5/60 - b**4/12 - b**3/6 - 64*b**2. Calculate the remainder when z(-1) is divided by 17.
11
Let y = 426 + -625. Let k = -178 - y. Calculate the remainder when k is divided by 4.
1
Suppose -5*f = -j + 134, 3*j + 4*f - 390 = 12. Suppose i = 18*g - 16*g + 51, -192 = -4*i + 4*g. What is the remainder when j is divided by i?
44
Suppose 0 = 4*d - 4*n - 2321 - 391, 3*n = d - 668. Calculate the remainder when d is divided by 9.
8
Suppose 17*h - 1135 = -285. What is the remainder when 282 is divided by h?
32
Let w(q) = 6*q + 7. Suppose 6*m = -5*z + 5*m + 7, 0 = -3*z + m + 9. Calculate the remainder when 128 is divided by w(z).
14
Let l = -61 - -97. Suppose 28 + l = 8*v. What is the remainder when 9 is divided by v?
1
Let v(k) = k**3 + k**2 - 4*k + 4. Let c(h) = 3 + 64*h - 55*h - 7 - h**3 + 21*h**2 + 3*h**3. Calculate the remainder when v(3) is divided by c(-10).
4
Suppose -6*l - 160 = -4*l. Let k = -53 - l. Calculate the remainder when 52 is divided by k.
25
Suppose -3*k = -n - 1144, 611 = 5*k - 5*n - 1309. Calculate the remainder when k is divided by 56.
44
Let o(t) = -t**2 - t. Let p(b) = 12*b**2 - 55*b + 14. Let n(k) = -6*o(k) - p(k). What is the remainder when 105 is divided by n(9)?
7
Let f(s) = s**2 - 13*s - 2. Let h be f(-10). Suppose -4*c = -5*o + h, -5*o + 0*o = -2*c - 224. Let w = 58 - o. Calculate the remainder when 25 is divided by w.
11
Let x(f) = 9*f + 302. What is the remainder when x(13) is divided by 117?
68
Let v = -27404 - -27471. Calculate the remainder when 113 is divided by v.
46
What is the remainder when (-3 - -180)/(27/900*10) is divided by 210?
170
Let v(t) = t**3 + 11*t**2 - 11*t + 26. Suppose n + 15 = 3. What is the remainder when (16/3)/((-2)/(-9)) is divided by v(n)?
10
Let a = -11 + 29. Let x(v) = 5*v - 36. Let o be x(a). Let s = o + -45. What is the remainder when 15 is divided by s?
6
Let f(n) = -n**2 + 9*n + 9. Let v(p) = -p**2 - 8*p. Let t be v(-7). What is the remainder when (-23 + 32)*(5 + 2 - 2) is divided by f(t)?
22
Let u(g) = 3*g**2 - 53*g + 530. Calculate the remainder when u(16) is divided by 16.
2
Let t = 924 - 896. Calculate the remainder when 1479 is divided by t.
23
Let q(i) = -126*i - 43. What is the remainder when 165 is divided by q(-1)?
82
Suppose 0 = -4*r + 21 - 9, 362 = 2*o + 4*r. What is the remainder when o is divided by 4/16 - (3 - (-470)/(-8))?
7
Let v(p) = 1210*p - 1863. What is the remainder when v(3) is divided by 24?
15
Suppose y = 3*h + 2*h + 13, 3*h = 4*y - 52. Let o(r) = -r**3 - 3*r**2 + 6*r - 11. Calculate the remainder when y is divided by o(-5).
4
Let f(o) = 12*o - 1. Suppose 3*p = -5*z - 5, 5*p + 3*z - 13 = -0*z. Suppose 21*v = -22*v + 25*v + 558. Calculate the remainder when f(p) is divided by v.
28
Suppose 2*g - 3*g = -17. Let i be -2*1 - (-306)/g. Suppose d + 5*n = 4*n + 22, 0 = 4*n - i. Calculate the remainder when 68 is divided by d.
14
Let t be (-6)/5*(-70)/3 - -5. Suppose -14*a - 361 = -t*a. What is the remainder when 434 is divided by a?
16
Let k be (2/1)/2*-1. Suppose 34*d - 42*d = -2*x + 20, 4*x = -d + 57. Calculate the remainder when ((-3)/(-4))/(k/(-52)) is divided by x.
11
Let l = 4533 - 4274. What is the remainder when l is divided by 119?
21
Let t(q) = -22*q - 50. Let g(k) = -15*k - 33. Let f(v) = -7*g(v) + 5*t(v). Let c = -101 + 184. Calculate the remainder when c is divided by f(-8).
20
Let s = -75 - -117. Let p(b) = -18*b**2 - 30*b + 234. Let k be p(6). Let j = 617 + k. Calculate the remainder when s is divided by j.
19
Suppose 2*f - 25 = -3*f, 0 = -5*t + 4*f - 485. Let u = t - -95. Suppose 40 = 2*s - u. Calculate the remainder when s is divided by 11.
10
Suppose 3*u = 9, -56*j + 58*j - 3*u - 509 = 0. Suppose -4 = -4*y, p - 3 - 12 = 3*y. Calculate the remainder when j is divided by p.
7
Let j be (868/5)/(6/15). Let c = -421 + j. Calculate the remainder when 118 is divided by c.
1
Let t(m) = m**2 - 8*m - 83. Let y be t(14). Suppose 0 = 2*c - 2*r - 24, -r - 4 = y. Calculate the remainder when 173 is divided by c.
5
Let z(s) = s**3 + 16*s**2 + 12*s - 10. Let b(h) = 6 + 10 - 14*h**2 - 20 + 3. Let x be b(1). What is the remainder when 134 is divided by z(x)?
29
Suppose -12 + 3 = -3*r, -2*v + 1211 = -3*r. Suppose 62*j + v = 64*j. Calculate the remainder when j is divided by 31.
26
Suppose 45 = l + k, 3*l + 3*k - 175 = -l. Let o = -296 + 419. What is the remainder when o is divided by -4*(-5)/(l/42)?
18
Suppose 4067 + 2842 = 47*q. What is the remainder when 6318 is divided by q?
144
Let i be (-4242)/(-27) + (-7)/63. Suppose -7*z - 4*d = -9*z + 142, d = 2*z - i. Calculate the remainder when 402 is divided by z.
78
Let h(s) = -s**3 - 53*s**2 - 150*s + 55. Let i = 18 + -4. What is the remainder when h(-50) is divided by i?
13
Let s(f) = -5*f**2 + 24. Let d be s(6). Let p = -136 - d. What is the remainder when p is divided by 7?
6
Suppose 5*d - 8 = -3*i, -3*d + 2 = 2*d - 3*i. Suppose -959 = -2*y - 5*v, -4*v - 5 = -d. Suppose 76 + y = 6*z. What is the remainder when z is divided by 19?
17
Let n(q) = 2*q**2 + 16*q + 12. Let z(d) = 9*d**3 + 3*d**2 - 2. Let b be z(-1). Let y = -23 + 41. Calculate the remainder when y is divided by n(b).
6
Let m be ((-1216)/10)/(4/20). Suppose 0 = -3*i - 3*i + 240. Calculate the remainder when ((m/12)/1)/((-4)/6) is divided by i.
36
Let h(a) = 469*a - 419. What is the remainder when 1146 is divided by h(1)?
46
Suppose -4*d = -u - 223 - 169, -2*u - 196 = -2*d. Suppose 19 = 3*a - 4*r, r + 5 = 4*a - 29. What is the remainder when d is d